4) in base 4?
-333110
Convert -20520 (base 9) to base 4.
-3103221
Convert -1323 (base 7) to base 15.
-23c
What is -1294 (base 10) in base 6?
-5554
What is 12a4 (base 13) in base 12?
1665
Convert -8275 (base 10) to base 2.
-10000001010011
Convert -22021213 (base 4) to base 13.
-15c01
27d (base 14) to base 4
13313
What is -1000100101011 (base 2) in base 5?
-120040
-5221 (base 9) to base 16
-ef2
What is -15a51 (base 14) in base 5?
-3213132
What is -153132 (base 7) in base 16?
-74d9
What is -290 (base 14) in base 6?
-2222
Convert -1001222202 (base 3) to base 7.
-115421
22100021 (base 3) to base 14
2306
-23231230 (base 4) to base 7
-256612
What is -17374 (base 11) in base 7?
-131100
-858 (base 12) to base 5
-14340
111510 (base 6) to base 14
364a
What is -8db (base 14) in base 5?
-24021
5070 (base 12) to base 8
21024
-38163 (base 9) to base 13
-b8a4
Convert 734 (base 8) to base 7.
1250
What is -591 (base 16) in base 13?
-858
Convert 1130 (base 7) to base 15.
1c8
-46a (base 13) to base 15
-35e
Convert -cb (base 14) to base 4.
-2303
Convert -258c (base 13) to base 7.
-21420
What is -6528 (base 11) in base 12?
-4ba5
3324 (base 6) to base 11
642
What is -105 (base 8) in base 6?
-153
156 (base 15) to base 12
216
Convert -8581 (base 14) to base 8.
-55005
1333 (base 8) to base 7
2063
What is -1532 (base 9) in base 11?
-968
What is -35432 (base 10) in base 5?
-2113212
Convert -22200 (base 4) to base 3.
-220220
What is 20220110 (base 3) in base 10?
5034
Convert -1467 (base 14) to base 6.
-24431
Convert 500 (base 13) to base 5.
11340
Convert -5298 (base 11) to base 10.
-7004
Convert -10001000000000 (base 2) to base 8.
-21000
42033 (base 6) to base 8
13005
What is 131221 (base 6) in base 15?
382a
Convert 631 (base 7) to base 13.
1b4
Convert -95 (base 16) to base 3.
-12112
Convert -334431 (base 5) to base 11.
-8a08
Convert -100011001011000 (base 2) to base 12.
-a508
-545 (base 12) to base 3
-1001122
-1000111111111 (base 2) to base 3
-20022122
What is 11101110010 (base 2) in base 13?
b38
-1109 (base 11) to base 5
-21321
Convert 20003230 (base 4) to base 15.
9ba4
-3003 (base 9) to base 5
-32230
What is 9033 (base 15) in base 12?
15733
Convert -101011011 (base 2) to base 14.
-1ab
What is 677 (base 8) in base 5?
3242
-114545 (base 6) to base 11
-7693
Convert 1001000011 (base 2) to base 12.
403
Convert 3231 (base 5) to base 15.
1e6
What is -4323 (base 5) in base 10?
-588
-21203 (base 6) to base 9
-3853
21 (base 15) to base 11
29
What is 134331 (base 6) in base 8?
30557
What is 18482 (base 9) in base 5?
402131
-7dd (base 14) to base 10
-1567
997 (base 10) to base 6
4341
What is -15325 (base 7) in base 13?
-1c45
1a74 (base 11) to base 4
220332
Convert 200010002 (base 3) to base 5.
410310
414231 (base 5) to base 12
7b0b
What is -442 (base 6) in base 7?
-332
Convert -10002 (base 5) to base 2.
-1001110011
Convert -76101 (base 9) to base 2.
-1100010011001111
-20330 (base 5) to base 11
-1009
101001010100 (base 2) to base 4
221110
-11000101001 (base 2) to base 4
-120221
-12865 (base 10) to base 3
-122122111
-21433 (base 7) to base 2
-1010011110101
What is 3233 (base 10) in base 12?
1a55
What is 1998 (base 12) in base 5?
100030
What is -413 (base 9) in base 4?
-11100
Convert 1976 (base 10) to base 4.
132320
Convert -4645 (base 9) to base 8.
-6563
Convert -2291a (base 12) to base 7.
-251554
Convert -625 (base 14) to base 12.
-849
What is 23021 (base 4) in base 2?
1011001001
What is -2222 (base 16) in base 3?
-102222122
Convert -1010101101 (base 2) to base 7.
-1666
11412 (base 8) to base 5
123444
40050 (base 8) to base 9
24468
118 (base 13) to base 2
10111110
What is 31201 (base 4) in base 14?
45b
What is -100102 (base 4) in base 2?
-10000010010
Convert -12674 (base 9) to base 14.
-31a4
Convert -1265 (base 8) to base 6.
-3113
111100011110 (base 2) to base 10
3870
What is -42 (base 6) in base 2?
-11010
Convert -160 (base 14) to base 10.
-280
Convert -3334 (base 6) to base 7.
-2161
-415 (base 8) to base 14
-153
Convert 223221 (base 4) to base 11.
210a
-1748 (base 9) to base 2
-10100111100
Convert -11000101000 (base 2) to base 14.
-808
Convert 3303 (base 12) to base 11.
4249
What is -586 (base 13) in base 4?
-32323
What is 3121 (base 8) in base 14?
837
Convert -327 (base 12) to base 6.
-2051
What is -1a2b (base 12) in base 10?
-3203
What is 1265 (base 11) in base 8?
3154
-303201 (base 4) to base 15
-e9c
Convert 350 (base 11) to base 16.
1a2
What is 3342 (base 5) in base 9?
574
361 (base 16) to base 9
1161
What is -63 (base 10) in base 5?
-223
What is 40446 (base 8) in base 13?
778c
What is -7467 (base 11) in base 2?
-10011010010010
What is -509 (base 12) in base 13?
-441
20222 (base 4) to base 10
554
Convert -423124 (base 6) to base 4.
-20121130
-222 (base 3) to base 13
-20
Convert 2032332 (base 4) to base 10.
9150
Convert 6462 (base 8) to base 10.
3378
What is 62655 (base 8) in base 15?
7aa4
Convert 13021 (base 4) to base 16.
1c9
Convert -4211 (base 6) to base 13.
-577
-eb (base 16) to base 2
-11101011
-109 (base 12) to base 10
-153
14506 (base 12) to base 4
12323112
29168 (base 11) to base 2
1010000111110000
What is 923 (base 15) in base 8?
4012
-222032 (base 5) to base 4
-1321113
What is 148 (base 13) in base 14?
125
Convert 3c (base 15) to base 11.
52
What is 278 (base 15) in base 8?
1063
What is 100111000000 (base 2) in base 16?
9c0
Convert -9eb (base 16) to base 8.
-4753
What is 20224 (base 5) in base 13?
7a1
150203 (base 6) to base 14
5319
What is -1011000 (base 2) in base 8?
-130
What is -777 (base 16) in base 11?
-1488
-4012 (base 5) to base 8
-773
What is -253 (base 9) in base 3?
-21210
What is -3100021 (base 4) in base 13?
-60a9
-11000010 (base 2) to base 14
-dc
What is -625 (base 9) in base 15?
-23e
What is -87c (base 16) in base 7?
-6222
-4349 (base 15) to base 9
-21476
1010310 (base 4) to base 16
1134
Convert 354 (base 15) to base 10.
754
Convert -1340410 (base 5) to base 15.
-82a5
-60037 (base 9) to base 12
-1a974
What is 149 (base 12) in base 3?
21110
What is -3960 (base 14) in base 8?
-23540
What is -1142 (base 11) in base 3?
-2001111
What is 13323 (base 4) in base 13?
300
What is 1466 (base 7) in base 3?
210202
10101000111 (base 2) to base 7
3640
What is -75476 (base 8) in base 12?
-16312
Convert 13112 (base 5) to base 10.
1032
Convert 28cd (base 14) to base 4.
1301011
What is 100402 (base 5) in base 2?
110010011011
-658 (base 12) to base 7
-2501
Convert -11103121 (base 4) to base 5.
-1143341
-65347 (base 11) to base 16
-172c3
c9 (base 15) to base 9
230
What is -20330 (base 4) in base 9?
-705
What is 134203 (base 5) in base 14?
2049
What is 4003 (base 7) in base 14?
703
What is 1b0c (base 16) in base 15?
20b9
Convert -45133 (base 7) to base 2.
-10110010000000
1854 (base 10) to base 15
839
What is -41341 (base 5) in base 15?
-c16
Convert -1141 (base 6) to base 14.
-15b
What is -9c2 (base 15) in base 11?
-1727
-114732 (base 8) to base 13
-14c09
Convert -262b3 (base 13) to base 8.
-212204
Convert 201012 (base 3) to base 15.
248
9a1 (base 11) to base 3
1122110
What is -101001101010111 (base 2) in base 11?
-15036
What is 5541 (base 8) in base 12?
1829
Convert 79a (base 12) to base 3.
1112201
11110 (base 8) to base 5
122210
-22101200 (base 3) to base 4
-1133220
-326 (base 12) to base 15
-20c
Convert 1001111100101 (base 2) to base 11.
3910
What is 100000101 (base 2) in base 3?
100200
-961 (base 10) to base 4
-33001
What is -547 (base 12) in base 8?
-1407
Convert b06 (base 14) to base 13.
ca4
-23 (base 10) to base 7
-32
What is 1011110111000011 (base 2) in base 7?
261426
What is -16107 (base 8) in base 14?
-28d1
Convert -1924 (base 14) to base 8.
-10674
-2330223 (base 4) to base 16
-2f2b
-1644 (base 10) to base 9
-2226
Convert -1103112 (base 4) to base 8.
-12326
Convert -2166 (base 11) to base 13.
-13b8
What is -1000200 (base 4) in base 12?
-2480
Convert -10763 (base 8) to base 2.
-1000111110011
47d (base 15) to base 10
1018
-4220311 (base 5) to base 2
-10001000111000001
What is 110011111010 (base 2) in base 16?
cfa
What is 13355 (base 8) in base 13?
2896
1254 (base 11) to base 13
987
Convert 20010 (base 3) to base 7.
324
Convert 20013 (base 4) to base 8.
1007
1584 (base 15) to base 6
33224
-2762 (base 14) to base 9
-10467
Convert -102a (base 14) to base 4.
-223132